+ (0 + (-101671)/(-13) - (-40)/260).
2, 5, 17, 23
Let v = 385 - 194. Let u(o) = -41*o + 76. Let k be u(5). Let n = k + v. What are the prime factors of n?
2, 31
Suppose -4*y = 8 + 8, -q + 1012 = 2*y. Suppose 3*d = 9*d - q. What are the prime factors of d?
2, 5, 17
Let v be (1 + 3/(-3))/(5 + -7). Suppose -5*m + 0*q = -q - 2772, v = 3*m - q - 1662. What are the prime factors of m?
3, 5, 37
Suppose 0*m - 4*x = m - 10, 5*m + 4*x - 18 = 0. Suppose -2*n = -0*n - 8, 0 = t - m*n - 14. Suppose -v - 38 = -2*r - 9, -r - v = -t. List the prime factors of r.
17
Suppose -11*y + 3*y = 8. Let c(i) = -41*i - 5. Let v be c(y). What are the prime factors of 18/v + (-459)/(-2)?
2, 5, 23
Let x be 0 + -2 + (7 - -4). Let h be 0 - (x/(-3) + -1). Suppose 120 + 92 = h*u. What are the prime factors of u?
53
Suppose -2*g - 2*l = -382, 4*g + 4*l = g + 571. Suppose -4*f - 14*c = -11*c - g, 5*f = -3*c + 245. List the prime factors of f.
2, 13
What are the prime factors of 8/1 - (-14 - 9289)?
9311
Let q be 11476/(-14) + (-10)/35. Let b = 566 - 572. List the prime factors of q/b*(-30)/(-25).
2, 41
Suppose 608*h - 637*h = -180815. List the prime factors of h.
5, 29, 43
Suppose -4*r = 3*r - 2100. Suppose 0 = -10*q - 2*q - r. Let m = q - -111. List the prime factors of m.
2, 43
Let i = 27 + -9. Let p = -85 + i. Let t = -34 - p. List the prime factors of t.
3, 11
Let a = 143806 - 99731. List the prime factors of a.
5, 41, 43
Suppose 8*a + 129 + 2527 = 0. Let f = 340 - a. What are the prime factors of f?
2, 3, 7
Let w(h) = 40*h**2 - 840*h - 104. List the prime factors of w(24).
2, 347
Let k be 0 + (-16)/12*3. Let y(z) = -4*z - 2*z + 4*z + 2*z**2 - 3. List the prime factors of y(k).
37
Let n(a) = 11*a**2 + 8*a + 49. Let o = -627 - -621. List the prime factors of n(o).
397
Let n = -24163 - -25354. What are the prime factors of n?
3, 397
Suppose 120 = 5*c - 4*m, -4*c + 10*m + 75 = 11*m. List the prime factors of (128/c + -6)*625.
2, 5
Let h = -49 + 310. What are the prime factors of h - (-4)/(24/30)?
2, 7, 19
Let k = 758 + -445. Suppose 174*l = 175*l - 3. Suppose -b - 5*h + 107 = 0, l*h = -4*b + 6*h + k. What are the prime factors of b?
2, 41
Let d(b) = 272*b**2 + 3*b - 4. Let l be d(3). Suppose -o + l = -420. Suppose 0 = 5*m + 8*m - o. What are the prime factors of m?
13, 17
Let p be (1 + -12)/((-4)/8*2). List the prime factors of -4 + p - (-508 - -1).
2, 257
Suppose -30*k + 7272 = 3*g - 26*k, -6*g + 14562 = 2*k. What are the prime factors of g?
2, 607
Let s(z) = -z**2 + 19*z - 58. Let f be s(15). Suppose -3*u = 3*c - 1278, -858 = -f*c - 0*u - 4*u. What are the prime factors of c?
3, 47
Suppose -4*m = p - 42, 2*p = m + 4 - 19. Suppose m*u - 18*u + 1736 = 0. List the prime factors of u.
2, 31
Let h be 1*2 - (65 + -13). Let y = h + 52. Suppose -5*l + y*l - 3*w + 153 = 0, -4*l + 203 = 5*w. List the prime factors of l.
2, 13
Let u = 52999 + -28624. What are the prime factors of u?
3, 5, 13
Let b(c) = 8*c**2 + 13*c - 12. List the prime factors of b(-38).
2, 3, 7, 263
Suppose -9*m = 726 - 5028. Suppose -2*h + m = -2*n + 2436, -2*n - 3*h = -1953. List the prime factors of n.
2, 3, 163
Let q(l) = 23*l + 96. Let t be q(-7). Let v = 255 + t. What are the prime factors of v?
2, 5, 19
Let p = 54 - 124. Let i be p/15 - (-3)/(-9). What are the prime factors of 19 - (i + 4)*1?
2, 5
Let d(u) be the first derivative of -63*u**2 - 190*u - 91. What are the prime factors of d(-5)?
2, 5, 11
Let d = -50851 + 88477. What are the prime factors of d?
2, 3, 6271
Let f(u) = 3*u**2 + 4*u + 2. Let t be f(-2). Let y be 414/24*16/t. Suppose 150 = 4*w - y. What are the prime factors of w?
7
Let z(b) = b**3 - 56*b**2 - 135*b - 392. What are the prime factors of z(67)?
2, 3, 7, 317
Let n(s) be the third derivative of 20*s**4/3 + s**3/3 + 104*s**2. List the prime factors of n(6).
2, 13, 37
Suppose 37*s = 34*s + 369. Suppose 127*d = s*d + 4752. List the prime factors of d.
2, 3, 11
Let i = 309 - 302. Suppose 5*b = -p + 451, -p + 456 = -3*b + i*b. What are the prime factors of p?
2, 7, 17
Let b(i) = -426*i + 328. List the prime factors of b(-10).
2, 31, 37
Suppose 2588 = 14*v - 5700. List the prime factors of ((v/(-6))/(-8))/((-2)/(-138)).
23, 37
Suppose -4*u + 12 = -o, u + 3 = 2*u + 3*o. Suppose -564 = -2*h + h - 2*n, u*n = -5*h + 2834. List the prime factors of h/7 + 1/(-7).
3
Let b(r) = r + 6. Let h be b(0). Suppose 5*v - 87 = -337. List the prime factors of h/((-12)/v) - 4.
3, 7
Suppose 4*a - 2163 = -5*u, a - 4*a - 3*u = -1626. Let n = a + 391. What are the prime factors of n?
2, 7, 67
Suppose 8684*i - 1530276 = 8651*i. List the prime factors of i.
2, 11593
Suppose 11*z = 9*z + 4. Suppose 2*i - 1036 = -z*i - 2*r, 1295 = 5*i + 5*r. List the prime factors of i.
7, 37
List the prime factors of (-172)/(-387) + (-29804)/(-9).
2, 3, 23
Let w = 23 - 15. Let c(f) = -f**3 + 34 - 9*f - 49 + 11*f**2 + 23. What are the prime factors of c(w)?
2
Suppose -5*n - 5 = -6*n. Suppose 0 = -3*r - n*q + 543 + 387, 5*q - 1540 = -5*r. Suppose -r = 9*y - 14*y. What are the prime factors of y?
61
Let y be -13 + ((-8)/(-2))/1. Let p(f) = -2*f**3 - 14*f**2 + 12*f + 10. Let t be p(y). Suppose 0 = -6*d - t + 652. What are the prime factors of d?
71
Let q = -239 + 431. Suppose 4*r + 3*a = q, -2*a + a = -5*r + 240. List the prime factors of r.
2, 3
Let d(f) = f**2 + f + 92. Let k(m) = m**2 - 1. Let y be k(1). Suppose -g + 14 - 14 = y. List the prime factors of d(g).
2, 23
Let z(i) = 766*i + 308. What are the prime factors of z(7)?
2, 3, 5, 7
Suppose -3561 = 3*n - y, -2*n - 3*n + 2*y - 5935 = 0. Let m = -298 - n. List the prime factors of m.
7, 127
Suppose 2*r - 94 = -2*r + c, -3*r + 61 = 4*c. Let n be (r - -22)*((-12)/10 - -2). List the prime factors of (290/3)/(24/n).
5, 29
Let b(q) = -14*q**2 + 7*q - 14. Let h be b(-8). List the prime factors of (9 - h/24) + (-2)/8.
7
Suppose 4*i - 125 = -101. Suppose i*p + 3*x + 2620 = 8*p, -5*x + 6575 = 5*p. What are the prime factors of p?
13, 101
Let g(x) = -2*x**2 + 31*x - 6. Let b be g(15). Let h be 5 + b/(18/452). Suppose 4*i + h = 847. List the prime factors of i.
2, 7, 11
Let y(u) = u**3 + 19*u**2 + 14*u + 60. List the prime factors of y(-18).
2, 3, 11
Suppose 4*w - 25656 = -5*i, 21*i - 12828 = -2*w + 17*i. List the prime factors of w.
2, 3, 1069
Let t(f) = -f**3 - 77*f**2 + 35*f + 163. List the prime factors of t(-79).
2, 5, 13, 19
Let g = 592 + -151. Suppose 4*d + d - 5*t = 2255, 4*t - g = -d. What are the prime factors of d?
449
Let f be ((-1)/2)/((-2)/(2 - 102)). Let x be (0 + 45/f)*-5. What are the prime factors of 2/x + 799/9?
89
Suppose -6774 = -11*y + 4171. Suppose 4*n = 3*a + 796, 5*n - a = 4*a + y. List the prime factors of n.
199
Let q(x) = 39*x**2 + 2. Let p be 144/(-68) - 2/(-17). List the prime factors of q(p).
2, 79
Let k = 279 - 288. List the prime factors of (-776)/(-4) - k/(9/2).
2, 7
Suppose 5*i + 6*b + 16 = 3*b, -2*i - 5*b = 14. Let d be (-26 - -21)*i/(-10)*-6. Suppose 0 = 6*c + d*c - 1896. List the prime factors of c.
2, 79
Let n = 10567 + -2078. What are the prime factors of n?
13, 653
Let z(o) = -5*o**2 + 12*o + 13. Suppose 2*b - 63 = -b. Let l be z(b). List the prime factors of l/(-28) - (-6)/(-21).
3, 23
Suppose 0 = -n + b + 5, n - b = -5*b - 10. Suppose -g - 2*j = 5 - 3, g = 2*j + n. Suppose u = 4*w - 318, g*w - w + 4*u = -72. List the prime factors of w.
2, 5
Let a(r) = 63*r**3 + r**2 + r - 9. What are the prime factors of a(4)?
13, 311
List the prime factors of (42/35)/(-4 - (-2163132)/540780).
2, 3, 9013
Suppose 0 = 13*b - 22*b + 127233. List the prime factors of b.
67, 211
Let v = -94 - -97. Suppose 3 = -2*x - 3, 2*x + 561 = v*a. Let b = -96 + a. List the prime factors of b.
89
Let v(u) = -2*u**3 + 7*u**2 - 7*u + 3. Let f be v(6). Suppose 0 = -12*t - 4945 + 1201. Let s = f - t. List the prime factors of s.
3, 31
Let l be -3*4/15 + (-68)/(-10). What are the prime factors of (-200)/(-16)*(12 + -4 + l)?
5, 7
Suppose -4*s + 7*s = 6. Suppose 3*b = -s*k + 5*k + 21, 3*b = -3. What are the prime factors of 120/45*(-210)/k?
2, 5, 7
List the prime factors of (2451672/78)/2 + (-2)/(-13).
2, 3929
List the prime factors of 13 - (0 - 2 - 949).
2, 241
List the prime factors of 233/(11/2530*10).
23, 233
Suppose 0 = -59*j + 42*j - 49*j + 2695902. List the prime factors of j.
40847
Let 